 z, 0 = 5*y + 5. Let f be (3 + -5)/(6/z). What is the greatest common divisor of 45 and f?
9
Suppose -2*d - 2 = -12. Let b(i) = -11*i + 3. Let m be b(4). Let n = m + 81. Calculate the greatest common divisor of n and d.
5
Let i = 72 - 19. Let j = i + -14. Calculate the greatest common divisor of 13 and j.
13
Suppose 3*j - 58 = 14. What is the greatest common divisor of 216 and j?
24
Suppose -4*u = -77 - 43. Calculate the highest common factor of 12 and u.
6
Let s(m) = -m**3 + 5*m**2 + 3*m - 4. Suppose -2*x + 10 = -0. Let a be s(x). Suppose -4*r + 371 - 63 = 0. What is the greatest common factor of a and r?
11
Let i = 75 + 9. What is the highest common divisor of 14 and i?
14
Let v(t) = 4*t - 9. Let m be v(7). What is the greatest common factor of 152 and m?
19
Let k(q) = -q**3 - 2*q**2 - 3*q + 3. Let s be k(-3). Let z be (0 + 2)*(-35)/(-10). Calculate the highest common divisor of z and s.
7
Suppose -5*o + 86 = 4*a, -o - 4*o = -4*a + 106. Calculate the greatest common divisor of 240 and a.
24
Let x = 20 - -39. Let v = x - 29. What is the greatest common factor of v and 10?
10
Let u = 44 + -4. What is the highest common factor of 5 and u?
5
Let h(a) = a**3 + 9*a**2 - 7*a + 9. Let t be h(-9). Suppose -34 = -x - 3*x - m, 0 = 2*x + 2*m - 14. Calculate the highest common divisor of t and x.
9
Let x = 160 + -100. What is the highest common factor of 40 and x?
20
Let r(m) = -m**2 - 13*m + 23. Let p be r(-12). What is the highest common factor of 315 and p?
35
Let n = 8 - -14. Calculate the highest common divisor of n and 154.
22
Let q = -2 - 0. Let u = q + 7. Suppose u*x = 26 + 39. What is the greatest common factor of 117 and x?
13
Let m be (90/28 + 12/42)*2. Calculate the greatest common divisor of 1 and m.
1
Let r = 168 + -88. Calculate the greatest common factor of r and 32.
16
Let u(r) = r - 1. Let x be u(4). Let i be 5*(10 - -2) + x. What is the greatest common factor of i and 9?
9
Suppose 4*j + 4*w = 180, 2*w + 15 = 7*w. Suppose 4*u - 51 = 369. What is the greatest common divisor of j and u?
21
Let v(m) = 6*m**2 + 2*m - 1. Let g be v(1). What is the highest common factor of 7 and g?
7
Suppose j = -5*u + 497, -3*u = -0*u - 3*j - 291. Let o = 23 - 12. What is the greatest common factor of u and o?
11
Let u(x) = 3*x + 3. Let b be u(0). Calculate the greatest common factor of b and 9.
3
Let j(g) = 8*g + 1. Let l be j(2). Let k = l - 13. What is the greatest common divisor of 28 and k?
4
Suppose -4*n + 16 = j - 7, 4*n = 5*j - 43. Suppose 0 = 2*u - 1 - 3. Suppose -b = -3*i - u, -i - i = -b + 3. What is the greatest common divisor of j and i?
1
Suppose 0 = 3*z - 42 - 18. Suppose -u = 3*u - z. What is the highest common divisor of 2 and u?
1
Let w be (1/(-2))/((-2)/(-8)). Let f = 4 + w. What is the greatest common factor of 3 and f?
1
Let c = 11 + -9. Suppose -9 = -c*s + 5*t + 30, 0 = -5*s + 2*t + 45. Let x = -80 + 143. Calculate the highest common divisor of x and s.
7
Suppose 235 = 5*v + 25. Let r(k) = -k**2 - 6*k + 3. Let l be r(-6). Suppose -5 = -l*z + 58. What is the highest common divisor of z and v?
21
Suppose 7 = 5*v - 13. Suppose v*o - 58 = 410. Calculate the greatest common divisor of o and 13.
13
Suppose -22 = -3*d + 2. Calculate the greatest common factor of 64 and d.
8
Let h(t) = 5*t + 1. Let i be h(18). What is the highest common divisor of 13 and i?
13
Suppose 5*w - 140 = -0*w. Suppose 4*p - 2*j = 20, -4*p + 11 + 15 = -5*j. What is the greatest common divisor of w and p?
4
Let p be (11/2)/((-1)/(-2)). Suppose -3*o + 44 = -7. Suppose 5*l + 275 = 5*k, 2*l - o = -k + 38. What is the highest common factor of p and k?
11
Let d = -4 + 49. What is the highest common factor of 9 and d?
9
Let t(h) be the first derivative of h**2/2 + 8*h + 3. Let o be t(-8). Suppose o = 3*p + 7 - 46. What is the greatest common divisor of p and 13?
13
Let z be 3/12 - 21/(-12). Suppose -z*j + 4 + 22 = 0. Calculate the highest common divisor of 65 and j.
13
Let j(r) = 9*r**3 + 4*r**2 + r - 3. Let y be j(3). Calculate the highest common divisor of y and 31.
31
Let n = 14 - 26. Let h = n + 14. Let s = -3 - -5. What is the highest common factor of s and h?
2
Let v = -22 - -35. What is the greatest common divisor of v and 143?
13
Suppose 3*v = i + 182, 4*i - 34 - 18 = -v. Suppose -f + v = 4*f. Let s be 14/10 + -2 + 1197/95. What is the highest common factor of f and s?
12
Let w(j) = -j**3 + j**2 - j + 32. Let i be w(0). What is the greatest common divisor of 48 and i?
16
Suppose u - 4 = 31. Calculate the highest common factor of 7 and u.
7
Let a be -6*8/(-2) + 0. What is the greatest common factor of 16 and a?
8
Suppose -g + 0*g - 49 = 2*h, 94 = -2*g - 5*h. Suppose -j - 124 = 3*j. Let a = j - g. What is the highest common divisor of 26 and a?
26
Suppose -5*k - 3*s - 2 = 0, 9 - 25 = -2*k + 3*s. Let j = 0 + k. Let l = 14 - 10. Calculate the highest common divisor of l and j.
2
Let v be (18/(-7))/(2/(-14)). Suppose -4*j - v = -8*i + 3*i, -5*i = 2*j - 6. Let t be 26 + (1*-2)/i. Calculate the highest common divisor of 10 and t.
5
Let i = -18 + 4. Let l = i + 29. Let p = 44 - 39. What is the highest common factor of l and p?
5
Suppose -2*g + 3*h = -11, -22 = -5*g - 2*h + 4*h. What is the highest common factor of 44 and g?
4
Suppose 4*n - 62 + 2 = 0. Let l = 56 - -49. What is the highest common divisor of n and l?
15
Let i(b) = b**2 - b + 1. Let h(r) = r**2 - 17*r - 15. Let w(p) = h(p) - 2*i(p). Let t be w(-13). What is the greatest common divisor of 45 and t?
9
Let i(x) = -x**2 - 11*x - 6. Let u be i(-10). Suppose -l - 84 = -u*l. Calculate the highest common divisor of 14 and l.
14
Let l be (0 + (-62)/3)/((-8)/12). Let c be 1*31*3/3. Calculate the greatest common divisor of l and c.
31
Let s(z) = -2*z + 16. Let t be s(0). What is the highest common factor of t and 12?
4
Suppose -5*r = -m - 17, 4*r - 2*m - 7 = m. Let i(d) = 31*d - 3. Let g be i(r). Suppose 13*f - 11*f = 22. Calculate the greatest common factor of g and f.
11
Let l = 6 - 0. Suppose -l = -2*w, -4 = -3*d + 2*w + 35. Let m be 17/(-2 - -3) + -2. What is the highest common divisor of d and m?
15
Suppose -2*c + 3*c = 52. Suppose -5*n + 0*k + 79 = k, -2*k = -4*n + c. Calculate the highest common factor of n and 5.
5
Suppose 2*l + 4*h = -8 + 2, -3*l + 3*h + 27 = 0. Let p(i) = 2*i**2 + 5. Let u be p(-5). Calculate the greatest common divisor of u and l.
5
Let i(n) = -n**2 - n + 49. Suppose 0 = 5*a - 4*z, -5*z = a + 2*a. Let v be i(a). Calculate the highest common factor of 7 and v.
7
Suppose -5*g = -5*c - 65, 16 + 20 = 2*g + 3*c. Let l = 27 - g. What is the greatest common divisor of l and 3?
3
Let j(w) be the third derivative of -w**6/120 - 7*w**5/60 - w**4/24 + 7*w**3/6 + 4*w**2. Let c be j(-7). Calculate the greatest common factor of c and 2.
2
Suppose 0 = x - q - 47 - 61, 2*x + q - 222 = 0. Calculate the greatest common factor of 11 and x.
11
Let s be (4 + -5)/((-2)/196). Suppose -1 = -5*z - 31. Let o(p) = -p**2 - 7*p + 8. Let d be o(z). What is the greatest common factor of d and s?
14
Let p(r) be the second derivative of -r**5/20 + r**4 + 7*r**3/3 - 3*r**2/2 - r. Let x be p(13). Calculate the greatest common divisor of 10 and x.
10
Suppose 3*y = 3*b + 12, 4*b + 13 = -4*y + 37. Let p(z) = -1 + 1 + b + 17*z. Let k be p(1). What is the greatest common factor of 2 and k?
2
Let j(f) = f**2 + f + 1. Let h be j(4). What is the greatest common factor of h and 378?
21
Let x(t) be the first derivative of -t**2 - 10*t - 1. Let z be x(-8). Let u be z*1*(-4)/(-8). What is the highest common divisor of 2 and u?
1
Let m be (8/3)/((-8)/(-60)). Suppose -2*x + x - 4 = -y, 0 = -4*x + 2*y - 20. Let a be x/(-10) + 188/m. Calculate the highest common divisor of 20 and a.
10
Suppose 0 = -4*z - 12, 0*z + 5*z = x + 2. Let g = 28 + x. Calculate the highest common divisor of 11 and g.
11
Suppose -4*f + 29 - 9 = 0. Calculate the highest common factor of 185 and f.
5
Let d(j) = j**2 - 13*j - 22. Let y be d(16). What is the greatest common divisor of 65 and y?
13
Let c be ((-6)/(-4))/(4/24). What is the highest common factor of c and 6?
3
Suppose -2*x - 3*y = -0*y + 262, 5*x + y = -681. Let i = -65 - x. Suppose 0*n - 5*n = -40. What is the highest common factor of i and n?
8
Suppose 22 = j + 12. Calculate the highest common factor of j a